ommon factor of 240 and q?
80
Let g be (-9*285/180)/(((-30)/1424)/5). What is the highest common factor of 76 and g?
38
Let i(x) = 2*x. Let o be i(1). Suppose 2*w + 618 = 5*v - 2392, 4*v - 2411 = w. Suppose o*s - 52 = v. What is the highest common factor of s and 41?
41
Suppose -105*r + 54*r = -459. Let k be 105/(-14)*246/(-5). What is the highest common divisor of k and r?
9
Let r be (-56)/112 + (-17)/(-2) + 0. Let i be (5 - 24/(r - 4)) + 10. What is the highest common factor of i and 4?
1
Let n be ((6/(-4))/3)/((-73490)/(-3500) - 21). What is the highest common factor of n and 11725?
175
Suppose 2 + 7 = 3*t. Suppose -4*n - 40 = -4*v, 3*n + 26 = 5*v - 22. Suppose 12*s - 27 = v. What is the greatest common divisor of s and t?
3
Let x be (-1 - 8) + (413 - 49). What is the highest common divisor of x and 1207?
71
Suppose -7*s = -5*g - 933, 15*g = 11*g - 24. What is the highest common factor of s and 6837?
129
Let a(s) = 265*s**2 - 21*s + 43. Let o be a(8). What is the greatest common divisor of o and 91?
91
Let p be 5*124 + 15/(-3). Let b = p - 439. Let l be (6 - 2)/(1/4). What is the highest common factor of b and l?
16
Let j(q) = 2*q**2 - 12*q + 21. Let u be j(2). Let v be -1 + (u + 89)/(8/4). What is the highest common factor of 253 and v?
23
Let c be (-2 + 75/6)*(1 + 9). Let y = 147 - c. Let f be 1757/21 + (-1)/(-3). What is the greatest common factor of f and y?
42
Let n(v) = v**3 + 6*v**2 + 3*v + 1. Let o be n(-3). Suppose 4*d = -4*p + 92, -22*p + d = -o*p - 85. What is the greatest common factor of 27 and p?
27
Let h be (-8)/(-28) + (-8)/(-60) + 164464/420. Calculate the greatest common factor of 882 and h.
98
Suppose 11*q - 406 = -2*k + 7*q, 0 = -20*k + 5*q + 4015. What is the highest common factor of k and 15879?
201
Let u = 458 - 453. Suppose 4*r - 4*n - 96 = 0, 27*r = 25*r + u*n + 33. Calculate the greatest common factor of r and 725.
29
Suppose -143*w + 579 = -141*w + v, 4*w - 3*v - 1123 = 0. Calculate the greatest common divisor of 319 and w.
11
Let r be (1/3)/((5/(-213))/5). Let f = r + 74. Suppose z = -2, -z = -f*a + 2 + 30. What is the highest common divisor of a and 15?
5
Let c(z) = 16*z**2 - 34*z - 194. Let s be c(-9). What is the highest common factor of s and 99?
11
Suppose 482 + 388 = 5*a - m, 4*m = -20. Suppose -19*y = a - 3213. Calculate the greatest common factor of y and 16.
16
Suppose -4 = -3*r - b + 137, -2*r = -4*b - 108. Let i be r/(-2)*42/(-6). Let o(t) = 9*t + 120. Let y be o(-11). What is the highest common factor of y and i?
21
Suppose -j = -6*j + 30. Let l be (-11)/((-11)/36)*(-2)/(-6). What is the highest common factor of l and j?
6
Suppose 2*n + 5*v = 30, 2*n + 455*v = 458*v + 78. Let s = -18 - -348. What is the greatest common divisor of s and n?
30
Let i be 160/28 - (-4)/14. Let s = 152086 + -151864. What is the highest common factor of i and s?
6
Let y be 144*(9/4)/3. Let z be -2 + -2*39*26/(-6). Suppose -8*h + 816 = -3*h + 2*o, -2*h + z = 4*o. Calculate the highest common factor of y and h.
54
Suppose 33 = u + 3. Let a(r) = -r**3 + 11*r**2 - r + 11. Let k be a(10). Let m = 107 - k. Calculate the greatest common divisor of u and m.
6
Let k = -885 + 889. Suppose 0 = -3*p + 22 + 2. Suppose k*n = p + 64. What is the highest common divisor of 12 and n?
6
Suppose -32*q + 20*q = -3360. Let k = 0 + q. What is the greatest common factor of 112 and k?
56
Let g = 11703 - 5597. What is the highest common divisor of g and 172?
86
Let y(b) = -b**3 - b**2 + 3*b + 423. Let w(i) = 3*i - 15. Let o be w(5). Let t be y(o). Calculate the highest common factor of t and 9.
9
Let l(b) = -92*b**3 + b**2 + 10*b + 8. Let s be l(-1). Suppose 2*k + 4*w = 46, 7*k - 4*k = 5*w + s. What is the highest common divisor of k and 432?
27
Suppose x = 5*c - 10, 2*x + 2*c = 3*x + 4. Suppose x*s + 492 = 3*s - 4*h, 0 = 3*s + 3*h - 513. What is the greatest common factor of s and 126?
42
Suppose -22*v = -4*v - 15120. Let y = v + -708. Calculate the greatest common factor of 198 and y.
66
Let f = -2577 + 3109. Calculate the greatest common divisor of 84 and f.
28
Suppose n - 858 = -0*n + 2*w, -3*n + 4*w = -2580. What is the highest common divisor of 32 and n?
32
Suppose -3*b = -9*f + 9570, -2*f + 21*b - 16*b + 2118 = 0. What is the highest common factor of 4389 and f?
133
Let t be (-30)/6*2/(-5). Suppose 5*q = -t*v + 6, -2*v - 4*q - 1 = -5. Let i be 1/(v/(-1*344)). What is the greatest common divisor of 43 and i?
43
Let t = 1687 - 653. Suppose -4216 - t = -14*i. What is the highest common factor of 30 and i?
15
Suppose -4*f + 3*b = 383, f + 48 = b - 48. Let z = -38 - f. Let t be ((-323)/z)/((-2)/6). Calculate the greatest common factor of 17 and t.
17
Suppose 0 = 5*g + 4*k - 141, -k = -5*g + 4*k + 105. Suppose 3*w + 6*v - 8*v - 19 = 0, 3*w = 5*v + g. Calculate the highest common divisor of 380 and w.
5
Suppose -449*c - 700 = -454*c. Suppose 7*h - c = 63. Calculate the highest common divisor of h and 29.
29
Let r = 28 - 24. Suppose r*g + 75 = -29. Let t = 45 + g. Calculate the highest common factor of 133 and t.
19
Suppose -15 = n + 29. Let c be -2 - (-10 - (-9 - 19))*(-6)/4. Let b be c*(n/1)/(-4). What is the highest common divisor of b and 25?
25
Let l(v) be the first derivative of v**3/3 - 6*v - 4. Let u be (-24)/9 + (-7)/21. Let j be l(u). Calculate the greatest common divisor of 15 and j.
3
Let i = 9339 + -6694. What is the greatest common factor of 805 and i?
115
Let p(j) = -7*j**3 - j**2 - 36*j - 112. Let m be p(-3). Calculate the highest common factor of m and 6424.
88
Let x be (1 - (0 + 8/12))*6. Let n(q) = q**2 + q - 2. Let l be n(x). Let w be (-81)/(-6)*l/3. What is the greatest common factor of w and 12?
6
Let b = 202 - 106. Let a = b - 96. Suppose -l - 2*m + a*m + 40 = 0, m = l - 31. Calculate the highest common factor of 102 and l.
34
Suppose 10*z = 13*z + 9. Let g be -156*(22/z + 7). What is the greatest common factor of g and 572?
52
Suppose -5*z = -141 + 9 - 148. What is the greatest common factor of 106 and z?
2
Suppose 0 = -2*m + 14*p - 12*p - 116, 4*p - 46 = m. Let v = m + 70. Calculate the highest common divisor of 72 and v.
8
Let q = -166 + 172. Let o(p) = 2*p**3 + 8*p**2 - 3*p - 13. Let v be o(q). What is the greatest common divisor of 53 and v?
53
Let c(x) = -x**2 - 6*x + 42. Let v be c(4). Let t be -15*(-1)/v - (-29)/58. Calculate the greatest common divisor of t and 36.
4
Suppose -349*r - 14353 + 50448 = -89545. What is the greatest common divisor of r and 1480?
40
Suppose 5*v + 84 = 2*v. Let i be 2 + -1*1 - (v - -29). Suppose 2*y + 3*y - 3*a - 81 = 0, i = 5*a - 15. Calculate the greatest common divisor of 90 and y.
18
Suppose -5*d + x = 5*x + 291, -5*d - 3*x = 287. Let r be (1 - 193/5)/(22/d). Suppose -r*l + 36 = -91*l. Calculate the greatest common divisor of l and 96.
12
Let s be -5*(-2 - 36/(-15)). Let l be (s/4)/((-1)/32). Suppose 10*w - l*w + 1518 = 0. Calculate the greatest common divisor of w and 23.
23
Let o be (48 - 9)*5680/48. What is the greatest common divisor of 221 and o?
13
Let z = 41 + -37. Suppose 114 = 2*t + 5*y, 4 + z = 2*y. Let u = t + -5. What is the greatest common divisor of u and 6?
6
Let t = -32 + -36. Let f(c) = -106*c**3 + 4*c**2 - 6*c + 6. Let b be f(1). Let r = t - b. What is the greatest common factor of r and 17?
17
Let g be 51 - ((-462)/3)/(-14). What is the greatest common divisor of g and 780?
20
Suppose -2*v - 160 = -7*v. Suppose 150*m + 143*m = -79*m + 14880. Calculate the highest common divisor of m and v.
8
Let x = -5604 - -5694. What is the greatest common divisor of 790 and x?
10
Let z(t) = -9*t**2 - 5*t - 3. Let h(o) = -10*o**2 - 5*o - 3. Let l(g) = 3*h(g) - 4*z(g). Let k be l(-1). Calculate the highest common factor of 4 and k.
4
Suppose 0 = -3*a + 4*l - 31, 2*a = -3*a + 5*l - 45. Let d(x) = -2*x**3 - 11*x**2 - 14*x - 8. Let s be d(a). What is the highest common factor of s and 333?
37
Suppose 3 = n + 2. Let s(z) = 33*z**2 + 2*z - 3. Let m be s(n). Let j be (-10)/(-3)*20*42/35. Calculate the highest common divisor of j and m.
16
Let l be 10/(-4)*78/(-65). Suppose -l*u + 200 = 4*d, 292 = 4*u - 4*d + 3*d. Let p be 10/(-30)*(-2 + -25). Calculate the highest common factor of u and p.
9
Suppose 7*q + q - 80 = 0. Let w = -7 + q. Suppose -2*l = w*d - 9, -2*l + d - 3*d + 12 = 0. What i